iple of 973?
True
Is 110 a factor of 2302?
False
Is 41 a factor of 1746395?
True
Is 2208627 a multiple of 73?
False
Does 231 divide 73973?
False
Is 2516748 a multiple of 507?
True
Does 6 divide 647230?
False
Is 61 a factor of 99125?
True
Is 574048 a multiple of 883?
False
Is 4600701 a multiple of 21?
True
Is 12 a factor of 207396?
True
Is 4 a factor of 410344?
True
Does 741 divide 646893?
True
Does 403 divide 718146?
True
Does 24 divide 421583?
False
Is 21 a factor of 23968?
False
Is 10 a factor of 34690?
True
Is 2340 a multiple of 156?
True
Is 369 a multiple of 2?
False
Is 97461 a multiple of 30?
False
Is 116565 a multiple of 19?
True
Is 310 a factor of 3378070?
True
Does 32 divide 42560?
True
Does 19 divide 6146528?
False
Is 11630605 a multiple of 14?
False
Does 30 divide 5368040?
False
Is 979 a factor of 3157903?
False
Is 379 a factor of 233972?
False
Does 104 divide 561678?
False
Does 46 divide 189402?
False
Does 626 divide 4075053?
False
Does 552 divide 2208?
True
Is 202 a factor of 228260?
True
Is 81947 a multiple of 34?
False
Is 64495 a multiple of 41?
False
Is 74 a factor of 10276972?
True
Is 15 a factor of 4815441?
False
Does 123 divide 589293?
True
Is 1172453 a multiple of 28?
False
Does 323 divide 421260?
False
Is 194040 a multiple of 280?
True
Is 183 a factor of 3968841?
False
Does 11 divide 24735114?
False
Is 108587 a multiple of 44?
False
Does 343 divide 1186874?
False
Is 79 a factor of 793591?
False
Does 93 divide 66054?
False
Is 65 a factor of 114465?
True
Is 23 a factor of 1012782?
True
Does 1214 divide 6266251?
False
Is 24 a factor of 702750?
False
Does 285 divide 553218?
False
Is 30126 a multiple of 37?
False
Does 43 divide 10273687?
False
Is 200 a factor of 66400?
True
Is 75 a factor of 1315551?
False
Does 142 divide 199653?
False
Is 49 a factor of 808986?
False
Is 7 a factor of 506678?
False
Does 430 divide 3434972?
False
Does 1622 divide 231170?
False
Does 60 divide 169380?
True
Is 255627 a multiple of 24?
False
Is 1241264 a multiple of 92?
True
Is 1835346 a multiple of 74?
False
Is 2738 a multiple of 37?
True
Does 51 divide 4408234?
False
Does 7 divide 17801?
True
Is 14 a factor of 3283070?
True
Is 515042 a multiple of 18?
False
Does 425 divide 64175?
True
Is 193112 a multiple of 8?
True
Does 23 divide 122981?
True
Does 11 divide 268477?
True
Does 654 divide 372780?
True
Does 10 divide 6829?
False
Is 924000 a multiple of 168?
True
Does 1696 divide 4884926?
False
Is 147 a factor of 68933?
False
Is 10957 a multiple of 161?
False
Is 492 a factor of 482652?
True
Is 5 a factor of 64666?
False
Does 66 divide 106722?
True
Does 573 divide 13078725?
True
Is 456086 a multiple of 914?
True
Is 8 a factor of 112648?
True
Is 53013 a multiple of 55?
False
Is 172599 a multiple of 32?
False
Is 99029 a multiple of 43?
True
Is 540 a factor of 13542120?
True
Is 57814 a multiple of 137?
True
Is 47 a factor of 1500046?
False
Does 32 divide 981696?
True
Does 128 divide 174976?
True
Does 10 divide 762860?
True
Is 15 a factor of 170223?
False
Does 32 divide 18480?
False
Is 23 a factor of 775804?
False
Is 24331 a multiple of 29?
True
Does 852 divide 1076647?
False
Does 209 divide 2202835?
False
Is 206984 a multiple of 33?
False
Is 147 a factor of 2206841?
False
Is 1337343 a multiple of 301?
True
Does 46 divide 754727?
False
Is 15171335 a multiple of 277?
False
Is 60962 a multiple of 9?
False
Does 12 divide 2956466?
False
Is 107 a factor of 964576?
False
Is 12 a factor of 1579245?
False
Is 36 a factor of 91044?
True
Does 25 divide 9206525?
True
Is 69476 a multiple of 25?
False
Is 9 a factor of 43191?
True
Does 9 divide 2932326?
True
Is 24 a factor of 20444101?
False
Does 10 divide 776156?
False
Is 28 a factor of 96646?
False
Does 220 divide 32764335?
False
Does 38 divide 686774?
True
Is 22 a factor of 123573?
False
Is 34777820 a multiple of 1175?
False
Is 4719105 a multiple of 15?
True
Is 297466 a multiple of 442?
True
Does 58 divide 292685?
False
Is 654 a factor of 3525060?
True
Does 7 divide 22813?
True
Does 34 divide 49368?
True
Is 19 a factor of 30134?
True
Is 126 a factor of 2378082?
False
Does 95 divide 587670?
True
Is 2514351 a multiple of 211?
False
Is 158346 a multiple of 38?
True
Is 180348 a multiple of 42?
True
Is 9 a factor of 9792?
True
Is 1479767 a multiple of 3?
False
Is 1611166 a multiple of 5?
False
Does 242 divide 3277890?
True
Is 921011 a multiple of 4?
False
Is 28 a factor of 4396?
True
Does 14 divide 274316?
True
Is 40046 a multiple of 14?
False
Is 1866266 a multiple of 20?
False
Is 77453 a multiple of 73?
True
Does 5 divide 1516193?
False
Is 3655363 a multiple of 125?
False
Is 2103084 a multiple of 3?
True
Is 9 a factor of 8645259?
False
Is 101575 a multiple of 2?
False
Is 110670 a multiple of 35?
True
Is 316448 a multiple of 496?
True
Does 84 divide 11813521?
False
Is 5 a factor of 3609440?
True
Does 5 divide 124395?
True
Is 33 a factor of 5397909?
True
Does 2 divide 5208?
True
Does 74 divide 371638?
False
Is 125 a factor of 329250?
True
Is 250 a factor of 674750?
True
Is 460762 a multiple of 131?
False
Is 1069663 a multiple of 7?
True
Is 28 a factor of 92471?
False
Does 6 divide 774228?
True
Does 11 divide 6908?
True
Does 21 divide 357087?
False
Does 228 divide 1277028?
True
Is 1462304 a multiple of 27?
False
Is 11953032 a multiple of 1092?
True
Is 82498 a multiple of 167?
True
Is 246030 a multiple of 20?
False
Is 1557 a multiple of 9?
True
Does 30 divide 482970?
True
Is 2 a factor of 640926?
True
Is 1692455 a multiple of 9?
False
Is 47872 a multiple of 44?
True
Is 21175088 a multiple of 2024?
True
Is 454 a factor of 838084?
True
Is 38 a factor of 1627692?
True
Is 32 a factor of 11052?
False
Is 172 a factor of 2403230?
False
Is 90820 a multiple of 20?
True
Is 438 a factor of 1193644?
False
Is 6 a factor of 817890?
True
Is 62560 a multiple of 16?
True
Does 7 divide 662414?
False
Does 5 divide 1565225?
True
Is 113091 a multiple of 23?
True
Does 211 divide 38824?
True
Does 29 divide 17474868?
False
Is 639912 a multiple of 84?
True
Does 5 divide 138325?
True
Does 11 divide 58390?
False
Is 200200 a multiple of 88?
True
Is 1605272 a multiple of 76?
True
Is 9633572 a multiple of 26?
True
Does 29 divide 473273?
False
Does 5 divide 1385253?
False
Does 21 divide 1393462?
False
Is 162 a factor of 2825040?
False
Does 46 divide 2668345?
False
Is 428 a factor of 2573443?
False
Is 78 a factor of 9371016?
False
Is 158 a factor of 213025?
False
Is 33714 a multiple of 88?
False
Is 414131 a multiple of 12?
False
Does 371 divide 462637?
True
Is 5137025 a multiple of 22?
False
Does 15 divide 967986?
False
Does 59 divide 111805?
True
Is 180323 a multiple of 11?
True
Is 53 a factor of 861409?
True
Does 20 divide 137440?
True
Is 33 a factor of 26517975?
True
Is 40452 a multiple of 114?
False
Is 19929 a multiple of 13?
True
Is 348 a factor of 212628?
True
Is 2218131 a multiple of 28?
False
Is 2832800 a multiple of 154?
False
Is 1556142 a multiple of 294?
True
Does 4 divide 3678440?
True
Is 6931083 a multiple of 1082?
False
Is 216867 a multiple of 161?
True
Is 821 a factor of 6353719?
True
Does 14 divide 3536680?
True
Is 9 a factor of 252369?
True
Is 431210 a multiple of 162?
False
Does 77 divide 205860?
False
Is 171622 a multiple of 58?
True
Is 188995 a multiple of 4?
False
Is 1572018 a multiple of 98?
True
Is 5649014 a multiple of 729?
False
Is 4 a factor of 134357?
False
Is 37 a factor of 2741848?
True
Is 89 a factor of 467784?
True
Is 22 a factor of 223002?
False
Is 12 a factor of 359769?
False
Is 1684248 a multiple of 270?
False
Is 137 a factor of 283864?
True
Is 37 a factor of 439338?
True
Does 9 divide 501561?
True
Is 141 a factor of 744762?
True
Is 1266 a factor of 815304?
True
Is 182019 a multiple of 17?
True
Is 13 a factor of 2683865?
False
Is 825643 a multiple of 166?
False
Is 181 a factor of 5329726?
True
Is 1733593 a multiple of 325?
False
Is 2144277 a multiple of 219?
False
Does 54 divide 1296648?
True
Does 565 divide 224974?
False
Does 33 divide 860277?
True
Does 330 divide 460367?
False
Is 6107315 a multiple of 346?
False
Is 13 a factor of 243152?
True
Does 73 divide 53997?
False
Is 9 a factor of 42984?
True
Is 391423 a multiple of 21?
False
Is 6 a factor of 40098?
True
Is 1273000 a multiple of 177?
False
Is 4979733 a multiple o